{"id":119,"date":"2020-08-20T10:02:41","date_gmt":"2020-08-20T15:02:41","guid":{"rendered":"https:\/\/consumedico.com.co\/?page_id=119"},"modified":"2022-07-07T22:57:14","modified_gmt":"2022-07-08T03:57:14","slug":"quienes-somos","status":"publish","type":"page","link":"https:\/\/consumedico.com.co\/?page_id=119","title":{"rendered":"\u00bfQui\u00e9nes somos?"},"content":{"rendered":"\n<div class=\"wp-block-cover alignfull is-light\" style=\"min-height:476px;aspect-ratio:unset;\"><span aria-hidden=\"true\" class=\"wp-block-cover__background has-ast-global-color-4-background-color has-background-dim-40 has-background-dim\"><\/span><img fetchpriority=\"high\" decoding=\"async\" width=\"853\" height=\"1280\" class=\"wp-block-cover__image-background wp-image-1044\" alt=\"doctor, security, consulting room-1228629.jpg\" src=\"https:\/\/i0.wp.com\/consumedico.com.co\/wp-content\/uploads\/2022\/02\/doctor-security-consulting-room-1228629.jpg?resize=853%2C1280&#038;ssl=1\" style=\"object-position:100% 50%\" data-object-fit=\"cover\" data-object-position=\"100% 50%\" srcset=\"https:\/\/i0.wp.com\/consumedico.com.co\/wp-content\/uploads\/2022\/02\/doctor-security-consulting-room-1228629.jpg?w=853&amp;ssl=1 853w, https:\/\/i0.wp.com\/consumedico.com.co\/wp-content\/uploads\/2022\/02\/doctor-security-consulting-room-1228629.jpg?resize=200%2C300&amp;ssl=1 200w, https:\/\/i0.wp.com\/consumedico.com.co\/wp-content\/uploads\/2022\/02\/doctor-security-consulting-room-1228629.jpg?resize=682%2C1024&amp;ssl=1 682w, https:\/\/i0.wp.com\/consumedico.com.co\/wp-content\/uploads\/2022\/02\/doctor-security-consulting-room-1228629.jpg?resize=768%2C1152&amp;ssl=1 768w, https:\/\/i0.wp.com\/consumedico.com.co\/wp-content\/uploads\/2022\/02\/doctor-security-consulting-room-1228629.jpg?resize=600%2C900&amp;ssl=1 600w\" sizes=\"(max-width: 853px) 100vw, 853px\" data-recalc-dims=\"1\" \/><div class=\"wp-block-cover__inner-container is-layout-flow wp-block-cover-is-layout-flow\">\n<h1 class=\"has-ast-global-color-2-color has-text-color wp-block-heading\">Con\u00f3cenos<\/h1>\n<\/div><\/div>\n\n\n\n<div class=\"wp-block-group alignfull has-ast-global-color-4-background-color has-background is-layout-flow wp-block-group-is-layout-flow\"><div class=\"wp-block-group__inner-container\">\n<div class=\"wp-block-columns is-layout-flex wp-container-core-columns-is-layout-9d6595d7 wp-block-columns-is-layout-flex\">\n<div class=\"wp-block-column is-layout-flow wp-block-column-is-layout-flow\" style=\"flex-basis:33.33%\">\n<h3 class=\"wp-block-heading\">Trabajamos duro para ofrecerte la atenci\u00f3n que mereces<\/h3>\n<\/div>\n\n\n\n<div class=\"wp-block-column is-layout-flow wp-block-column-is-layout-flow\" style=\"flex-basis:66.66%\">\n<p>Somos un equipo comprometido con la salud y el bienestar de las personas, sabemos que a veces es dif\u00edcil resolver tus dudas y por eso queremos disfrutes este espacio.<\/p>\n\n\n\n<div class=\"wp-block-buttons is-layout-flex wp-block-buttons-is-layout-flex\"><\/div>\n<\/div>\n<\/div>\n<\/div><\/div>\n\n\n\n<div class=\"wp-block-group alignfull has-ast-global-color-5-background-color has-background is-layout-flow wp-block-group-is-layout-flow\"><div class=\"wp-block-group__inner-container\">\n<h2 class=\"has-text-align-center wp-block-heading\">Nuestra empresa<\/h2>\n\n\n\n<p class=\"has-text-align-center has-ast-global-color-3-color has-text-color\">Nos interesa poder brindarte orientaci\u00f3n m\u00e9dica sin que tengas que salir de la comodidad de tu casa, ahorr\u00e1ndote los desplazamientos, las filas y tiempo de espera. Con unos cuantos <em>clicks<\/em> reserva una consulta con nosotros para que podamos ayudarte.<\/p>\n\n\n\n<div class=\"wp-block-columns alignfull is-layout-flex wp-container-core-columns-is-layout-9d6595d7 wp-block-columns-is-layout-flex\">\n<div class=\"wp-block-column is-layout-flow wp-block-column-is-layout-flow\"><\/div>\n<\/div>\n<\/div><\/div>\n\n\n\n<div class=\"wp-block-group alignfull has-ast-global-color-5-background-color has-background is-layout-flow wp-block-group-is-layout-flow\"><div class=\"wp-block-group__inner-container\"><\/div><\/div>\n\n\n\n<div class=\"wp-block-cover alignfull is-light\" style=\"min-height:650px;aspect-ratio:unset;\"><span aria-hidden=\"true\" class=\"wp-block-cover__background has-white-background-color has-background-dim-0 has-background-dim\"><\/span><img decoding=\"async\" width=\"1280\" height=\"960\" class=\"wp-block-cover__image-background wp-image-1077\" alt=\"blood pressure, stethoscope, medical-1584223.jpg\" src=\"https:\/\/i0.wp.com\/consumedico.com.co\/wp-content\/uploads\/2022\/07\/blood-pressure-stethoscope-medical-1584223.jpg?resize=1280%2C960&#038;ssl=1\" style=\"object-position:50% 90%\" data-object-fit=\"cover\" data-object-position=\"50% 90%\" srcset=\"https:\/\/i0.wp.com\/consumedico.com.co\/wp-content\/uploads\/2022\/07\/blood-pressure-stethoscope-medical-1584223.jpg?w=1280&amp;ssl=1 1280w, https:\/\/i0.wp.com\/consumedico.com.co\/wp-content\/uploads\/2022\/07\/blood-pressure-stethoscope-medical-1584223.jpg?resize=300%2C225&amp;ssl=1 300w, https:\/\/i0.wp.com\/consumedico.com.co\/wp-content\/uploads\/2022\/07\/blood-pressure-stethoscope-medical-1584223.jpg?resize=1024%2C768&amp;ssl=1 1024w, https:\/\/i0.wp.com\/consumedico.com.co\/wp-content\/uploads\/2022\/07\/blood-pressure-stethoscope-medical-1584223.jpg?resize=768%2C576&amp;ssl=1 768w, https:\/\/i0.wp.com\/consumedico.com.co\/wp-content\/uploads\/2022\/07\/blood-pressure-stethoscope-medical-1584223.jpg?resize=600%2C450&amp;ssl=1 600w\" sizes=\"(max-width: 1000px) 100vw, 1000px\" data-recalc-dims=\"1\" \/><div class=\"wp-block-cover__inner-container is-layout-flow wp-block-cover-is-layout-flow\">\n<h2 class=\"has-text-align-center has-ast-global-color-2-color has-ast-global-color-5-background-color has-text-color has-background wp-block-heading\">\u00a1An\u00edmate!<\/h2>\n\n\n\n<div class=\"wp-block-buttons is-horizontal is-content-justification-center is-layout-flex wp-container-core-buttons-is-layout-499968f5 wp-block-buttons-is-layout-flex\">\n<div class=\"wp-block-button\"><a class=\"wp-block-button__link\" href=\"https:\/\/consumedico.com.co\/?page_id=118\">Reserva aqui<\/a><\/div>\n<\/div>\n<\/div><\/div>\n","protected":false},"excerpt":{"rendered":"<p>Trabajamos duro para ofrecerte la atenci\u00f3n que mereces Somos un equipo comprometido con la salud y el bienestar de las personas, sabemos que a veces es dif\u00edcil resolver tus dudas y por eso queremos disfrutes este espacio. Nuestra empresa Nos interesa poder brindarte orientaci\u00f3n m\u00e9dica sin que tengas que salir de la comodidad de tu &hellip;<\/p>\n<p class=\"read-more\"> <a class=\"\" href=\"https:\/\/consumedico.com.co\/?page_id=119\"> <span class=\"screen-reader-text\">\u00bfQui\u00e9nes somos?<\/span> Leer m\u00e1s &raquo;<\/a><\/p>\n","protected":false},"author":1,"featured_media":0,"parent":0,"menu_order":0,"comment_status":"closed","ping_status":"closed","template":"","meta":{"_uag_custom_page_level_css":"","_monsterinsights_skip_tracking":false,"_monsterinsights_sitenote_active":false,"_monsterinsights_sitenote_note":"","_monsterinsights_sitenote_category":0,"site-sidebar-layout":"default","site-content-layout":"plain-container","ast-main-header-display":"","ast-hfb-above-header-display":"","ast-hfb-below-header-display":"","ast-hfb-mobile-header-display":"","site-post-title":"disabled","ast-breadcrumbs-content":"","ast-featured-img":"disabled","footer-sml-layout":"","theme-transparent-header-meta":"default","adv-header-id-meta":"","stick-header-meta":"","header-above-stick-meta":"","header-main-stick-meta":"","header-below-stick-meta":"","spay_email":"","footnotes":""},"class_list":["post-119","page","type-page","status-publish","hentry"],"aioseo_notices":[],"uagb_featured_image_src":{"full":false,"thumbnail":false,"medium":false,"medium_large":false,"large":false,"1536x1536":false,"2048x2048":false},"uagb_author_info":{"display_name":"maxtapiab@gmail.com","author_link":"https:\/\/consumedico.com.co\/?author=1"},"uagb_comment_info":0,"uagb_excerpt":"Trabajamos duro para ofrecerte la atenci\u00f3n que mereces Somos un equipo comprometido con la salud y el bienestar de las personas, sabemos que a veces es dif\u00edcil resolver tus dudas y por eso queremos disfrutes este espacio. Nuestra empresa Nos interesa poder brindarte orientaci\u00f3n m\u00e9dica sin que tengas que salir de la comodidad de tu&hellip;","_links":{"self":[{"href":"https:\/\/consumedico.com.co\/index.php?rest_route=\/wp\/v2\/pages\/119","targetHints":{"allow":["GET"]}}],"collection":[{"href":"https:\/\/consumedico.com.co\/index.php?rest_route=\/wp\/v2\/pages"}],"about":[{"href":"https:\/\/consumedico.com.co\/index.php?rest_route=\/wp\/v2\/types\/page"}],"author":[{"embeddable":true,"href":"https:\/\/consumedico.com.co\/index.php?rest_route=\/wp\/v2\/users\/1"}],"replies":[{"embeddable":true,"href":"https:\/\/consumedico.com.co\/index.php?rest_route=%2Fwp%2Fv2%2Fcomments&post=119"}],"version-history":[{"count":5,"href":"https:\/\/consumedico.com.co\/index.php?rest_route=\/wp\/v2\/pages\/119\/revisions"}],"predecessor-version":[{"id":1092,"href":"https:\/\/consumedico.com.co\/index.php?rest_route=\/wp\/v2\/pages\/119\/revisions\/1092"}],"wp:attachment":[{"href":"https:\/\/consumedico.com.co\/index.php?rest_route=%2Fwp%2Fv2%2Fmedia&parent=119"}],"curies":[{"name":"wp","href":"https:\/\/api.w.org\/{rel}","templated":true}]}}